st common factor of 504 and 32?
8
Calculate the highest common divisor of 12790 and 10.
10
Calculate the highest common factor of 33396 and 121.
121
Calculate the greatest common factor of 6360 and 120.
120
What is the highest common divisor of 34 and 374?
34
Calculate the greatest common divisor of 364 and 28.
28
Calculate the highest common divisor of 189 and 42.
21
Calculate the greatest common factor of 148 and 18.
2
What is the greatest common factor of 36 and 45?
9
Calculate the highest common divisor of 2816 and 16.
16
What is the greatest common divisor of 62 and 2759?
31
What is the greatest common divisor of 4601 and 43?
43
What is the greatest common factor of 184 and 14?
2
What is the highest common factor of 88 and 132?
44
Calculate the highest common divisor of 19 and 76.
19
Calculate the greatest common divisor of 126 and 294.
42
Calculate the greatest common factor of 6956 and 188.
188
Calculate the highest common factor of 24 and 264.
24
Calculate the greatest common divisor of 1292 and 408.
68
What is the highest common factor of 13543 and 58?
29
What is the highest common divisor of 6 and 111?
3
Calculate the highest common divisor of 17 and 544.
17
What is the greatest common factor of 75 and 325?
25
What is the greatest common factor of 210 and 90?
30
What is the greatest common factor of 60 and 4780?
20
Calculate the greatest common factor of 296 and 24.
8
Calculate the greatest common divisor of 2349 and 3564.
81
What is the highest common divisor of 1296 and 486?
162
Calculate the greatest common factor of 117 and 144.
9
Calculate the greatest common divisor of 161 and 42.
7
What is the greatest common divisor of 96 and 13856?
32
Calculate the greatest common factor of 78 and 195.
39
Calculate the highest common divisor of 160 and 208.
16
What is the greatest common factor of 14 and 301?
7
What is the highest common divisor of 6699 and 42?
21
What is the greatest common divisor of 21 and 112?
7
What is the greatest common divisor of 364 and 312?
52
Calculate the greatest common factor of 3699 and 27.
27
What is the greatest common factor of 3224 and 310?
62
Calculate the highest common factor of 36 and 450.
18
What is the highest common factor of 75 and 2175?
75
What is the greatest common divisor of 244 and 764?
4
Calculate the highest common divisor of 18720 and 16.
16
Calculate the highest common divisor of 109 and 2943.
109
Calculate the highest common divisor of 440 and 17050.
110
Calculate the highest common factor of 351 and 54.
27
Calculate the highest common factor of 48 and 14192.
16
Calculate the greatest common divisor of 69 and 15.
3
Calculate the highest common divisor of 4 and 158.
2
Calculate the greatest common divisor of 3077 and 17.
17
Calculate the highest common divisor of 108 and 396.
36
What is the highest common divisor of 3934 and 14?
14
Calculate the highest common factor of 6723 and 81.
81
What is the highest common divisor of 176 and 656?
16
Calculate the highest common factor of 440 and 340.
20
What is the highest common divisor of 299 and 39?
13
Calculate the highest common divisor of 4242 and 56.
14
What is the greatest common factor of 41 and 369?
41
Calculate the greatest common divisor of 16 and 88.
8
What is the highest common factor of 304 and 5035?
19
What is the greatest common factor of 851 and 3589?
37
What is the greatest common divisor of 14940 and 540?
180
What is the greatest common divisor of 48 and 156?
12
What is the highest common divisor of 20 and 580?
20
What is the highest common factor of 456 and 380?
76
Calculate the greatest common factor of 585 and 4329.
117
What is the greatest common factor of 3 and 753?
3
What is the greatest common divisor of 654 and 1?
1
Calculate the highest common factor of 74 and 4995.
37
Calculate the highest common divisor of 22 and 1408.
22
What is the greatest common divisor of 231 and 1089?
33
Calculate the highest common factor of 234 and 72.
18
What is the greatest common factor of 160 and 380?
20
Calculate the highest common factor of 6 and 822.
6
What is the highest common factor of 14 and 581?
7
What is the highest common factor of 2563 and 14446?
233
Calculate the highest common factor of 4466 and 55.
11
What is the highest common factor of 946 and 396?
22
Calculate the highest common divisor of 5428 and 138.
46
Calculate the highest common divisor of 6928 and 176.
16
What is the greatest common divisor of 429 and 78?
39
What is the highest common factor of 2641 and 19?
19
Calculate the greatest common divisor of 143 and 351.
13
What is the highest common divisor of 56 and 248?
8
What is the greatest common factor of 17 and 51?
17
Calculate the greatest common factor of 84 and 147.
21
What is the greatest common divisor of 420 and 693?
21
What is the greatest common divisor of 4995 and 45?
45
What is the greatest common factor of 114 and 57?
57
What is the highest common factor of 1 and 226?
1
What is the greatest common divisor of 36 and 300?
12
What is the greatest common divisor of 1290 and 42?
6
What is the greatest common divisor of 6612 and 58?
58
Calculate the greatest common factor of 1110 and 6.
6
What is the highest common factor of 6 and 534?
6
Calculate the highest common factor of 306 and 4131.
153
What is the greatest common divisor of 4147 and 39?
13
Calculate the highest common factor of 198 and 144.
18
What is the greatest common factor of 464 and 8?
8
Calculate the highest common factor of 468 and 104.
52
Calculate the highest common factor of 200 and 20.
20
What is the highest common factor of 9 and 9279?
9
Calculate the greatest common divisor of 8 and 808.
8
What is the greatest common factor of 182 and 1729?
91
What is the greatest common divisor of 14 and 7322?
14
What is the highest common factor of 824 and 20?
4
What is the greatest common factor of 19 and 1007?
19
Calculate the greatest common factor of 3267 and 54.
27
Calculate the greatest common divisor of 594 and 12.
6
What is the highest common factor of 8 and 1538?
2
What is the highest common divisor of 2921 and 69?
23
What is the highest common divisor of 1460 and 30?
10
What is the greatest common divisor of 2873 and 34?
17
Calculate the greatest common factor of 285 and 19.
19
What is the greatest common factor of 65 and 35?
5
Calculate the highest common factor of 4 and 375.
1
Calculate the highest common divisor of 11151 and 118.
59
Calculate the highest common factor of 1342 and 22.
22
What is the highest common factor of 2493 and 63?
9
Calculate the highest common factor of 69 and 9.
3
Calculate the highest common divisor of 130 and 170.
10
What is the greatest common factor of 325 and 5?
5
What is the highest common factor of 32 and 304?
16
Calculate the highest common factor of 60 and 140.
20
Calculate the greatest common divisor of 21 and 87.
3
Calculate the greatest common factor of 272 and 96.
16
Calculate the greatest common factor of 19 and 1387.
19
Calculate the greatest common divisor of 3969 and 18.
9
Calculate the highest common divisor of 18 and 48.
6
Calculate the greatest common factor of 33 and 1221.
33
Calculate the greatest common divisor of 655 and 20.
5
What is the highest common divisor of 36 and 2124?
36
Calculate the greatest common factor of 108 and 297.
27
Calculate the highest common factor of 96 and 3072.
96
Calculate the greatest common factor of 17792 and 128.
128
What is the highest common factor of 742 and 14?
14
Calculate the greatest common factor of 187 and 44.
11
What is the greatest common divisor of 6 and 1506?
6
Calculate the highest common factor of 9954 and 54.
18
What is the highest common factor of 236 and 1593?
59
What is the highest common factor of 22 and 209?
11
Calculate the greatest common divisor of 3366 and 1386.
198
What is the greatest common divisor of 9 and 1731?
3
What is the greatest common divisor of 172 and 1591?
43
What is the greatest common factor of 2852 and 372?
124
Calculate the highest common divisor of 4 and 100.
4
Calculate the greatest common factor of 65 and 32435.
65
What is the highest common divisor of 238 and 56?
14
Calculate the highest common divisor of 92 and 14.
2
What is the highest common factor of 170 and 306?
34
What is the highest common factor of 18 and 14